{"id":636,"date":"2025-09-18T15:26:16","date_gmt":"2025-09-18T13:26:16","guid":{"rendered":"https:\/\/www.mf-service.sk\/?page_id=636"},"modified":"2026-03-22T21:09:50","modified_gmt":"2026-03-22T20:09:50","slug":"client-zone","status":"publish","type":"page","link":"https:\/\/www.mf-service.sk\/index.php\/en\/client-zone\/","title":{"rendered":"Client zone LOGIN"},"content":{"rendered":"","protected":true},"excerpt":{"rendered":"","protected":true},"author":1,"featured_media":0,"parent":0,"menu_order":0,"comment_status":"closed","ping_status":"closed","template":"","meta":{"_uag_custom_page_level_css":"","site-sidebar-layout":"no-sidebar","site-content-layout":"","ast-site-content-layout":"full-width-container","site-content-style":"default","site-sidebar-style":"default","ast-global-header-display":"","ast-banner-title-visibility":"","ast-main-header-display":"","ast-hfb-above-header-display":"","ast-hfb-below-header-display":"","ast-hfb-mobile-header-display":"","site-post-title":"disabled","ast-breadcrumbs-content":"","ast-featured-img":"disabled","footer-sml-layout":"","theme-transparent-header-meta":"disabled","adv-header-id-meta":"","stick-header-meta":"","header-above-stick-meta":"","header-main-stick-meta":"","header-below-stick-meta":"","astra-migrate-meta-layouts":"default","ast-page-background-enabled":"default","ast-page-background-meta":{"desktop":{"background-color":"var(--ast-global-color-5)","background-image":"","background-repeat":"repeat","background-position":"center center","background-size":"auto","background-attachment":"scroll","background-type":"","background-media":"","overlay-type":"","overlay-color":"","overlay-opacity":"","overlay-gradient":""},"tablet":{"background-color":"","background-image":"","background-repeat":"repeat","background-position":"center center","background-size":"auto","background-attachment":"scroll","background-type":"","background-media":"","overlay-type":"","overlay-color":"","overlay-opacity":"","overlay-gradient":""},"mobile":{"background-color":"","background-image":"","background-repeat":"repeat","background-position":"center center","background-size":"auto","background-attachment":"scroll","background-type":"","background-media":"","overlay-type":"","overlay-color":"","overlay-opacity":"","overlay-gradient":""}},"ast-content-background-meta":{"desktop":{"background-color":"var(--ast-global-color-4)","background-image":"","background-repeat":"repeat","background-position":"center center","background-size":"auto","background-attachment":"scroll","background-type":"","background-media":"","overlay-type":"","overlay-color":"","overlay-opacity":"","overlay-gradient":""},"tablet":{"background-color":"var(--ast-global-color-4)","background-image":"","background-repeat":"repeat","background-position":"center center","background-size":"auto","background-attachment":"scroll","background-type":"","background-media":"","overlay-type":"","overlay-color":"","overlay-opacity":"","overlay-gradient":""},"mobile":{"background-color":"var(--ast-global-color-4)","background-image":"","background-repeat":"repeat","background-position":"center center","background-size":"auto","background-attachment":"scroll","background-type":"","background-media":"","overlay-type":"","overlay-color":"","overlay-opacity":"","overlay-gradient":""}},"footnotes":""},"class_list":["post-636","page","type-page","status-publish","post-password-required","hentry"],"yoast_head":"<!-- This site is optimized with the Yoast SEO plugin v25.2 - https:\/\/yoast.com\/wordpress\/plugins\/seo\/ -->\n<title>Client zone LOGIN - mf-service<\/title>\n<meta name=\"robots\" content=\"index, follow, max-snippet:-1, max-image-preview:large, max-video-preview:-1\" \/>\n<link rel=\"canonical\" href=\"https:\/\/www.mf-service.sk\/index.php\/en\/client-zone\/\" \/>\n<meta property=\"og:locale\" content=\"sk_SK\" \/>\n<meta property=\"og:type\" content=\"article\" \/>\n<meta property=\"og:title\" content=\"Client zone LOGIN - mf-service\" \/>\n<meta property=\"og:description\" content=\"\u010cl\u00e1nok nem\u00e1 zhrnutie, preto\u017ee je chr\u00e1nen\u00fd.\" \/>\n<meta property=\"og:url\" content=\"https:\/\/www.mf-service.sk\/index.php\/en\/client-zone\/\" \/>\n<meta property=\"og:site_name\" content=\"mf-service\" \/>\n<meta property=\"article:modified_time\" content=\"2026-03-22T20:09:50+00:00\" \/>\n<meta name=\"twitter:card\" content=\"summary_large_image\" \/>\n<meta name=\"twitter:label1\" content=\"Predpokladan\u00fd \u010das \u010d\u00edtania\" \/>\n\t<meta name=\"twitter:data1\" content=\"2 min\u00faty\" \/>\n<script type=\"application\/ld+json\" class=\"yoast-schema-graph\">{\"@context\":\"https:\/\/schema.org\",\"@graph\":[{\"@type\":\"WebPage\",\"@id\":\"https:\/\/www.mf-service.sk\/index.php\/en\/client-zone\/\",\"url\":\"https:\/\/www.mf-service.sk\/index.php\/en\/client-zone\/\",\"name\":\"Client zone LOGIN - mf-service\",\"isPartOf\":{\"@id\":\"https:\/\/www.mf-service.sk\/#website\"},\"datePublished\":\"2025-09-18T13:26:16+00:00\",\"dateModified\":\"2026-03-22T20:09:50+00:00\",\"breadcrumb\":{\"@id\":\"https:\/\/www.mf-service.sk\/index.php\/en\/client-zone\/#breadcrumb\"},\"inLanguage\":\"sk-SK\"},{\"@type\":\"WebSite\",\"@id\":\"https:\/\/www.mf-service.sk\/#website\",\"url\":\"https:\/\/www.mf-service.sk\/\",\"name\":\"mf-service\",\"description\":\"Spo\u013eahliv\u00fd a komfortn\u00fd transfer servis\",\"publisher\":{\"@id\":\"https:\/\/www.mf-service.sk\/#organization\"},\"potentialAction\":[{\"@type\":\"SearchAction\",\"target\":{\"@type\":\"EntryPoint\",\"urlTemplate\":\"https:\/\/www.mf-service.sk\/?s={search_term_string}\"},\"query-input\":{\"@type\":\"PropertyValueSpecification\",\"valueRequired\":true,\"valueName\":\"search_term_string\"}}],\"inLanguage\":\"sk-SK\"},{\"@type\":\"Organization\",\"@id\":\"https:\/\/www.mf-service.sk\/#organization\",\"name\":\"mf-service\",\"url\":\"https:\/\/www.mf-service.sk\/\",\"logo\":{\"@type\":\"ImageObject\",\"inLanguage\":\"sk-SK\",\"@id\":\"https:\/\/www.mf-service.sk\/#\/schema\/logo\/image\/\",\"url\":\"https:\/\/www.mf-service.sk\/wp-content\/uploads\/2025\/05\/cropped-Snimka-obrazovky-2025-05-30-o-8.38.06.png\",\"contentUrl\":\"https:\/\/www.mf-service.sk\/wp-content\/uploads\/2025\/05\/cropped-Snimka-obrazovky-2025-05-30-o-8.38.06.png\",\"width\":1821,\"height\":475,\"caption\":\"mf-service\"},\"image\":{\"@id\":\"https:\/\/www.mf-service.sk\/#\/schema\/logo\/image\/\"}}]}<\/script>\n<!-- \/ Yoast SEO plugin. -->","yoast_head_json":{"title":"Client zone LOGIN - mf-service","robots":{"index":"index","follow":"follow","max-snippet":"max-snippet:-1","max-image-preview":"max-image-preview:large","max-video-preview":"max-video-preview:-1"},"canonical":"https:\/\/www.mf-service.sk\/index.php\/en\/client-zone\/","og_locale":"sk_SK","og_type":"article","og_title":"Client zone LOGIN - mf-service","og_description":"\u010cl\u00e1nok nem\u00e1 zhrnutie, preto\u017ee je chr\u00e1nen\u00fd.","og_url":"https:\/\/www.mf-service.sk\/index.php\/en\/client-zone\/","og_site_name":"mf-service","article_modified_time":"2026-03-22T20:09:50+00:00","twitter_card":"summary_large_image","twitter_misc":{"Predpokladan\u00fd \u010das \u010d\u00edtania":"2 min\u00faty"},"schema":{"@context":"https:\/\/schema.org","@graph":[{"@type":"WebPage","@id":"https:\/\/www.mf-service.sk\/index.php\/en\/client-zone\/","url":"https:\/\/www.mf-service.sk\/index.php\/en\/client-zone\/","name":"Client zone LOGIN - mf-service","isPartOf":{"@id":"https:\/\/www.mf-service.sk\/#website"},"datePublished":"2025-09-18T13:26:16+00:00","dateModified":"2026-03-22T20:09:50+00:00","breadcrumb":{"@id":"https:\/\/www.mf-service.sk\/index.php\/en\/client-zone\/#breadcrumb"},"inLanguage":"sk-SK"},{"@type":"WebSite","@id":"https:\/\/www.mf-service.sk\/#website","url":"https:\/\/www.mf-service.sk\/","name":"mf-service","description":"Spo\u013eahliv\u00fd a komfortn\u00fd transfer servis","publisher":{"@id":"https:\/\/www.mf-service.sk\/#organization"},"potentialAction":[{"@type":"SearchAction","target":{"@type":"EntryPoint","urlTemplate":"https:\/\/www.mf-service.sk\/?s={search_term_string}"},"query-input":{"@type":"PropertyValueSpecification","valueRequired":true,"valueName":"search_term_string"}}],"inLanguage":"sk-SK"},{"@type":"Organization","@id":"https:\/\/www.mf-service.sk\/#organization","name":"mf-service","url":"https:\/\/www.mf-service.sk\/","logo":{"@type":"ImageObject","inLanguage":"sk-SK","@id":"https:\/\/www.mf-service.sk\/#\/schema\/logo\/image\/","url":"https:\/\/www.mf-service.sk\/wp-content\/uploads\/2025\/05\/cropped-Snimka-obrazovky-2025-05-30-o-8.38.06.png","contentUrl":"https:\/\/www.mf-service.sk\/wp-content\/uploads\/2025\/05\/cropped-Snimka-obrazovky-2025-05-30-o-8.38.06.png","width":1821,"height":475,"caption":"mf-service"},"image":{"@id":"https:\/\/www.mf-service.sk\/#\/schema\/logo\/image\/"}}]}},"uagb_featured_image_src":{"full":false,"thumbnail":false,"medium":false,"medium_large":false,"large":false,"1536x1536":false,"2048x2048":false,"wpt-testimonial-thumbnail-60":false,"wpt-testimonial-thumbnail-80":false,"wpt-testimonial-thumbnail-100":false,"wpt-testimonial-thumbnail-120":false,"wpt-testimonial-thumbnail-140":false,"wpt-testimonial-thumbnail-200":false,"wpt-testimonial-thumbnail-360":false,"wpt-testimonial-thumbnail-390":false,"wpt-testimonial-thumbnail-460":false,"wpt-testimonial-thumbnail-554":false},"uagb_author_info":{"display_name":"admin","author_link":"https:\/\/www.mf-service.sk\/index.php\/author\/admin\/"},"uagb_comment_info":0,"uagb_excerpt":"\u010cl\u00e1nok nem\u00e1 zhrnutie, preto\u017ee je chr\u00e1nen\u00fd.","_links":{"self":[{"href":"https:\/\/www.mf-service.sk\/index.php\/wp-json\/wp\/v2\/pages\/636","targetHints":{"allow":["GET"]}}],"collection":[{"href":"https:\/\/www.mf-service.sk\/index.php\/wp-json\/wp\/v2\/pages"}],"about":[{"href":"https:\/\/www.mf-service.sk\/index.php\/wp-json\/wp\/v2\/types\/page"}],"author":[{"embeddable":true,"href":"https:\/\/www.mf-service.sk\/index.php\/wp-json\/wp\/v2\/users\/1"}],"replies":[{"embeddable":true,"href":"https:\/\/www.mf-service.sk\/index.php\/wp-json\/wp\/v2\/comments?post=636"}],"version-history":[{"count":32,"href":"https:\/\/www.mf-service.sk\/index.php\/wp-json\/wp\/v2\/pages\/636\/revisions"}],"predecessor-version":[{"id":1635,"href":"https:\/\/www.mf-service.sk\/index.php\/wp-json\/wp\/v2\/pages\/636\/revisions\/1635"}],"wp:attachment":[{"href":"https:\/\/www.mf-service.sk\/index.php\/wp-json\/wp\/v2\/media?parent=636"}],"curies":[{"name":"wp","href":"https:\/\/api.w.org\/{rel}","templated":true}]}}